{"id":25,"date":"2013-09-26T12:56:47","date_gmt":"2013-09-26T10:56:47","guid":{"rendered":"http:\/\/ferienwohnungamguckenberg.de\/?page_id=25"},"modified":"2023-10-10T21:02:10","modified_gmt":"2023-10-10T19:02:10","slug":"preise","status":"publish","type":"page","link":"https:\/\/ferienwohnungamguckenberg.de\/?page_id=25","title":{"rendered":"Preise"},"content":{"rendered":"<p><span style=\"color: #ff0000;\">Eine Buchung der Wohnung ist zur Zeit leider nicht m\u00f6glich.<\/span><\/p>\n<p>Die Wohnung ist f\u00fcr 2 Erwachsene eingerichtet,\u00a0 zus\u00e4tzlich kann ein Bett, z.B. f\u00fcr Kinder, aufgestellt werden.<\/p>\n<p>Die Miete der Wohnung betr\u00e4gt pro Nacht 52 \u20ac\u00a0 (zuz\u00fcglich G\u00e4stebeitrag *), ab 2 \u00dcbernachtungen. Ein Babybett kann kostenlos zur Verf\u00fcgung gestellt werden.<\/p>\n<p>Bettw\u00e4sche und Handt\u00fccher sowie die Endreinigung sind im Preis enthalten.<\/p>\n<p>* Die Stadt Diez erhebt von April bis Oktober einen G\u00e4stebeitrag f\u00fcr die Erste Person von 0,30 \u20ac und 0,15 \u20ac f\u00fcr weitere Personen pro \u00dcbernachtung<\/p>\n\n\n<p><\/p>\n","protected":false},"excerpt":{"rendered":"<p>Eine Buchung der Wohnung ist zur Zeit leider nicht m\u00f6glich. Die Wohnung ist f\u00fcr 2 Erwachsene eingerichtet,\u00a0 zus\u00e4tzlich kann ein Bett, z.B. f\u00fcr Kinder, aufgestellt werden. Die Miete der Wohnung betr\u00e4gt pro Nacht 52 \u20ac\u00a0 (zuz\u00fcglich G\u00e4stebeitrag *), ab 2 \u00dcbernachtungen. Ein Babybett kann kostenlos zur Verf\u00fcgung gestellt werden. Bettw\u00e4sche und Handt\u00fccher sowie die Endreinigung [&hellip;]<\/p>\n","protected":false},"author":1,"featured_media":61,"parent":0,"menu_order":2,"comment_status":"closed","ping_status":"open","template":"","meta":{"footnotes":""},"_links":{"self":[{"href":"https:\/\/ferienwohnungamguckenberg.de\/index.php?rest_route=\/wp\/v2\/pages\/25"}],"collection":[{"href":"https:\/\/ferienwohnungamguckenberg.de\/index.php?rest_route=\/wp\/v2\/pages"}],"about":[{"href":"https:\/\/ferienwohnungamguckenberg.de\/index.php?rest_route=\/wp\/v2\/types\/page"}],"author":[{"embeddable":true,"href":"https:\/\/ferienwohnungamguckenberg.de\/index.php?rest_route=\/wp\/v2\/users\/1"}],"replies":[{"embeddable":true,"href":"https:\/\/ferienwohnungamguckenberg.de\/index.php?rest_route=%2Fwp%2Fv2%2Fcomments&post=25"}],"version-history":[{"count":15,"href":"https:\/\/ferienwohnungamguckenberg.de\/index.php?rest_route=\/wp\/v2\/pages\/25\/revisions"}],"predecessor-version":[{"id":319,"href":"https:\/\/ferienwohnungamguckenberg.de\/index.php?rest_route=\/wp\/v2\/pages\/25\/revisions\/319"}],"wp:featuredmedia":[{"embeddable":true,"href":"https:\/\/ferienwohnungamguckenberg.de\/index.php?rest_route=\/wp\/v2\/media\/61"}],"wp:attachment":[{"href":"https:\/\/ferienwohnungamguckenberg.de\/index.php?rest_route=%2Fwp%2Fv2%2Fmedia&parent=25"}],"curies":[{"name":"wp","href":"https:\/\/api.w.org\/{rel}","templated":true}]}}